 j(34). What is the highest common divisor of 26 and i?
13
Suppose 148*s = 119*s + 33263. What is the greatest common divisor of 37 and s?
37
Suppose -2*b - 92*j + 130 = -94*j, 0 = -3*b - 11*j + 125. Calculate the highest common divisor of 14 and b.
2
Let h = -4173 - -5793. Calculate the highest common factor of 20 and h.
20
Let o be (142/(-213))/(1/(-12)). What is the greatest common divisor of 1376 and o?
8
Let m be ((-96)/(-7))/((-12)/(-42)). Let p = -35 + m. Calculate the greatest common divisor of p and 208.
13
Suppose 0 = 79*a - 74*a - 35. Suppose a*i + i = 920. What is the highest common divisor of i and 5?
5
Let w be (23/(-69))/((-1)/6). Suppose 5*o - 23 - 4 = 3*b, 0 = 2*b - w. What is the greatest common divisor of 282 and o?
6
Suppose 165 = 5*j - 0*j. Let p = 45 - j. Let x(t) = 7*t + 12. Let c be x(p). What is the greatest common factor of c and 12?
12
Suppose g = -2*g - 21. Let n be (-4)/g - (85/(-7))/5. Let a be -1 + 152*n/6. What is the greatest common factor of a and 30?
15
Let l = -8172 - -8203. What is the greatest common factor of 1 and l?
1
Let o be (-24)/(-30) - (-52)/10. Let q be (-5 - 138/(-18))/(4/o). Calculate the greatest common divisor of 2 and q.
2
Let a(w) = w**2 + 3*w - 3. Let z be a(-3). Let r be 88/12 + -3 + 1/z. Let q = 4 + 12. Calculate the highest common divisor of q and r.
4
Suppose 0 = -461*n + 124*n - 431*n + 4608. Suppose 2*v - 29 = 19. What is the highest common divisor of n and v?
6
Suppose 7*f - 5 = 9. Suppose 0*h - 14 = -f*h. Let w(c) = 13*c - 21. Let l be w(h). What is the greatest common divisor of l and 105?
35
Let o(c) = 14*c - 6. Let r(k) = k**3 - 38*k**2 + 37*k + 2. Let a be r(37). Let q be o(a). Calculate the greatest common divisor of q and 22.
22
Let r(j) = -2*j**3 + 2*j**2 + 48*j + 14. Let p be r(-7). Calculate the greatest common divisor of p and 539.
77
Suppose -4*r = -3*a + 41953, -3*a = 4*r - 37925 - 3996. What is the highest common factor of 21 and a?
7
Suppose 4*b - v - 996 = 0, -82 - 934 = -4*b - 4*v. Suppose 0 = n + n + 8, 320 = 2*d - 5*n. What is the highest common factor of d and b?
50
Suppose 4*c - 85 + 108 = -5*h, -2*h + c + 9 = 0. What is the highest common factor of h and 49?
1
Suppose -12886 - 82660 = -86*s. What is the highest common divisor of s and 505?
101
Suppose 2*s - 50*p + 47*p - 98 = 0, 0 = s - p - 48. Suppose 5*h - 2532 = -g, -4*h + 4*g - g = -2018. Calculate the highest common factor of s and h.
46
Let u(i) = -i**2 - 15*i - 48. Let l be u(-6). Suppose -6*t + 48 = -l. Suppose 3*h = 0, -3*q + q = -3*h - 234. Calculate the highest common divisor of t and q.
9
Let x be (0 - 8 - -4)/(3/(-24)). Let y be (-144)/10*(-5 - (0 - 0)). Suppose -y = 2*i - 80. What is the greatest common divisor of i and x?
4
Suppose 2*r + 6 = 0, 0 = -5*p - 2*r + 8 + 106. Calculate the highest common divisor of 54 and p.
6
Suppose -125164 = 351*w - 434*w. What is the highest common factor of w and 156?
52
Let p(l) = -74*l + 528. Suppose -17*x + 67 = -35. Let t be p(x). Calculate the greatest common factor of t and 112.
28
Suppose 0 = -8*g + 20*g - 11040. Suppose -g*t - 150 = -922*t. Let b = 36 + -21. What is the highest common factor of t and b?
15
Let m be 66/(((-126)/49)/(-9)). What is the greatest common factor of m and 1419?
33
Let c(r) = 3*r**3 - 23*r**2 + 2*r - 76. Let m be c(8). Let b = 198 - -14. Calculate the greatest common factor of m and b.
4
Let s be (11 + -15 + 4)/(1/1). Suppose s*k - 4*k + 2304 = 0. Calculate the greatest common factor of 64 and k.
64
Let o = -723 + 3885. Calculate the highest common factor of 204 and o.
102
Suppose 3325 + 3724 = 53*k. What is the greatest common divisor of 105 and k?
7
Let j be 1 + 19 + 5 + -1. Suppose -2*t - 81 = c, 2*t - 87 = c - 2*t. Let u = c + 123. Calculate the highest common factor of j and u.
8
Let y(b) = 5*b**3 - 21*b**2 + 101*b - 26. Let l be y(6). What is the greatest common factor of 384 and l?
8
Let b be (10 - 72/8)*-1 - -129. Calculate the greatest common factor of 18 and b.
2
Suppose -5*k + 357 = 1972. Let c be (66/8)/(((-14)/(-48))/(-7)). Let y = c - k. What is the greatest common divisor of y and 25?
25
Let l(d) = 852*d**2 - 12*d - 9. Let w be l(-1). Suppose w - 1083 = -n. What is the highest common factor of n and 108?
12
Suppose -5*m - 4*l + 2*l + 82 = 0, m = 3*l + 13. Suppose m - 1 = j. Let s be (-183)/(-6) + j/(-10). What is the highest common divisor of 87 and s?
29
Suppose -6 = 3*m + 3*g, 5*m - g - 15 = 5. Suppose 0 = -x - m*o + 561, -6*o + 3*o + 2817 = 5*x. Calculate the highest common divisor of x and 12.
12
Suppose 3*u - 4*c = -64, 2*u = 7*u - c + 101. Let m = u + 24. Suppose 3*h + 0*a - 206 = 4*a, m*a - 322 = -5*h. What is the greatest common factor of h and 44?
22
Suppose -k - r = -807 - 477, -5*r - 2596 = -2*k. What is the highest common factor of k and 1058?
46
Let v(m) = -280*m**2 + 2*m - 1. Let d be v(1). Let p = d - -327. What is the greatest common divisor of p and 16?
16
Suppose -16*s + 3199 = -58433. What is the highest common factor of 72 and s?
36
Let f(x) = -2*x**3 - 2*x**2 + 7*x - 22. Let u be f(-6). Let q = 322 - u. Calculate the highest common factor of 78 and q.
26
Let h = -5 + 5. Suppose 3*c + h*c = 48. Let b(u) = 127*u**2 - u. Let w be b(-1). Calculate the highest common factor of c and w.
16
Let f = 35 + -31. Suppose -f*x - 38 = -2. Let c(g) = -g**3 - 7*g**2 + 13*g + 11. Let p be c(x). Calculate the greatest common divisor of p and 16.
8
Let o be 3/8 + 46025/40 + -15. Calculate the highest common factor of o and 1278.
142
Suppose -1027 = -4*i + d + 3539, -4*i - 4*d = -4536. Calculate the greatest common divisor of 5472 and i.
228
Let i be 6 - (-16)/(-12)*-18. Suppose 0 = 27*w + 11*w - 760. What is the highest common factor of w and i?
10
Let m = 3235 - 3222. Calculate the greatest common divisor of 1313 and m.
13
Let x(y) = 2*y**3 + 12*y**2 + 8*y - 8. Let z be x(-5). Suppose g + z*n - 12 = 7*n, -3*n = 4*g - 94. What is the highest common divisor of 2 and g?
2
Let t be -63*2*(-4)/56. Let v(s) = -3*s**3 + 28*s**2 - 8*s + 11. Let m be v(t). What is the highest common factor of m and 5?
5
Suppose -3*n + 87 = 4*s, -2*s = 3*s - 2*n - 80. Let d = 36 - 34. Let x be d*2 + 7/(21/582). What is the highest common divisor of x and s?
18
Let w(o) = -51*o + 2. Let f be w(-1). Let s be f + 107 - (2/(-2))/1. Suppose 5*z - s = 39. Calculate the highest common factor of z and 10.
10
Let b be (21/(-9))/((-42)/72). What is the highest common factor of b and 118?
2
Suppose w + 2 = 2*k + 8, 3*w = -3*k + 63. Suppose -3*v + 25 = -3*n + w, 3*v + n - 25 = 0. Calculate the greatest common factor of v and 56.
7
Suppose -526 = -4*t + k + 717, -5*k - 1565 = -5*t. Let v = t - 289. Calculate the highest common factor of v and 14.
7
Suppose -8*y + 3969 = 9*y + 4*y. Calculate the greatest common factor of y and 81.
27
Let m(a) = a**2 + 28*a + 229. Let c be m(-7). What is the highest common factor of 12218 and c?
82
Let j(h) = -5*h**2 - 4*h + 4. Let f be j(2). Let a be (-38 - -6)*(f + 6). Calculate the greatest common factor of 18 and a.
18
Suppose 19*a - 33*a = -42. Let j(c) = c**3 - 2*c**2 - 3*c + 12. Let u be j(a). Calculate the greatest common divisor of u and 28.
4
Let n(i) be the third derivative of i**4/8 + 25*i**3/2 + 19*i**2. Let b be n(-15). Calculate the greatest common divisor of 45 and b.
15
Let p(q) be the first derivative of 3*q**2/2 - 9*q + 18. Let w be p(-12). Let i = w - -76. What is the greatest common factor of i and 248?
31
Let m = -363 + 584. Let a = -111 + m. Calculate the greatest common divisor of a and 44.
22
Let z be ((-216)/(-99) - -6)*11. Calculate the highest common divisor of z and 3474.
18
Suppose 132*h - 1041 = 932 - 125. What is the greatest common divisor of h and 454?
2
Let s(l) = -2*l**2 + 68*l - 123. Let q be s(22). Calculate the greatest common divisor of q and 255.
15
Let w(j) = -5*j**2 - 7*j - 27*j - 50 + 42. Let l be w(-6). Calculate the highest common divisor of 352 and l.
16
Suppose 7*f = -39 + 494. Let z be (2 - 8)*(-30)/36*3. Calculate the greatest common factor of f and z.
5
Let t = 690 + -689. Let a = 51 - 90. Let h = -38 - a. Calculate the highest common divisor of h and t.
1
Suppose 0 = -0*s + s - 11. Let u = 4573 + -4496. What is the greatest common divisor of u and s?
11
Let i(n) = 6*